{"id":162,"date":"2018-01-17T16:07:09","date_gmt":"2018-01-17T15:07:09","guid":{"rendered":"http:\/\/neu.narrenzunft-binsdorf.de\/?page_id=162"},"modified":"2026-01-18T20:43:50","modified_gmt":"2026-01-18T19:43:50","slug":"termine-veranstaltungen-2","status":"publish","type":"page","link":"http:\/\/www.narrenzunft-binsdorf.de\/?page_id=162","title":{"rendered":"Narrenfahrplan &amp; Termine"},"content":{"rendered":"\n\n\t<!DOCTYPE html>\n<html lang=\"de\">\n<head>\n    <meta charset=\"UTF-8\"\/>\n    <meta name=\"viewport\" content=\"width=device-width, initial-scale=1\"\/> <!-- Viewport-Tag f\u00fcr mobile Optimierung -->\n    <style>\n        body {\n            margin: 0;\n            font-family: Arial, sans-serif;\n            padding: 0px;\n        }\n        .table-container {\n            overflow-x: auto; \/* Erm\u00f6glicht horizontales Scrollen bei kleinen Bildschirmen *\/\n            -webkit-overflow-scrolling: touch; \/* F\u00fcr sanfteres Scrollen auf iOS-Ger\u00e4ten *\/\n        }\n        table {\n            width: 100%;\n            border-collapse: collapse;\n            table-layout: auto; \/* Macht die Tabelle flexibler *\/\n        }\n        th, td {\n            border: 1px solid #ddd;\n            padding: 6px; \/* Reduziertes Padding f\u00fcr bessere Lesbarkeit auf kleinen Bildschirmen *\/\n            text-align: left;\n            word-wrap: break-word; \/* Zeilenumbruch f\u00fcr lange W\u00f6rter *\/\n            font-size: 0.9em; \/* Reduzierte Schriftgr\u00f6\u00dfe f\u00fcr bessere Lesbarkeit *\/\n        }\n        th {\n            background-color: #174731;\n            color: white;\n        }\n        .month-header {\n            background-color: #f2f2f2;\n            font-weight: bold;\n            text-align: center;\n            font-size: 1.1em; \/* Anpassen der Schriftgr\u00f6\u00dfe *\/\n            padding: 8px; \/* Weniger Padding *\/\n        }\n        .month-spacing {\n            height: 20px; \/* H\u00f6he des Abstands *\/\n        }\n        \/* Anpassungen f\u00fcr kleinere Bildschirme *\/\n        @media (max-width: 768px) {\n            th, td {\n                padding: 4px; \/* Weniger Abstand f\u00fcr Mobilger\u00e4te *\/\n                font-size: 0.85em; \/* Weiter reduzierte Schriftgr\u00f6\u00dfe *\/\n            }\n            .month-header {\n                font-size: 1em; \/* Schriftgr\u00f6\u00dfe weiter anpassen *\/\n                padding: 6px; \/* Weniger Padding *\/\n            }\n        }\n        @media (max-width: 480px) {\n            th, td {\n                font-size: 0.75em; \/* Noch kleinere Schriftgr\u00f6\u00dfe f\u00fcr sehr kleine Bildschirme *\/\n                padding: 4px; \/* Weniger Padding *\/\n            }\n            .month-header {\n                font-size: 0.9em; \/* Noch kleinere Schriftgr\u00f6\u00dfe *\/\n                padding: 4px; \/* Weniger Padding *\/\n            }\n        }\n        \/* Stack-Layout f\u00fcr sehr kleine Bildschirme *\/\n        @media (max-width: 320px) {\n            th, td {\n                display: block; \/* Block-Layout f\u00fcr bessere Lesbarkeit *\/\n                text-align: right; \/* Text rechtsb\u00fcndig *\/\n            }\n            th {\n                text-align: left; \/* Kopfzeilen linksb\u00fcndig *\/\n            }\n        }\n    <\/style>\n<\/head>\n<body>\n    <h1>Narrenfahrplan &#038; Termine<\/h1>\n    <p><strong>\u00c4NDERUNGEN VORBEHALTEN. Alle Angaben ohne Gew\u00e4hr!<\/strong><\/p>\n        <table>\n            <thead>\n                <tr>\n                    <th>Datum<\/th>\n                    <th>Veranstaltung<\/th>\n                    <th>Details<\/th>\n                <\/tr>\n            <\/thead>\n            <tbody>\n\t\t<tr>\n                    <td colspan=\"3\"><\/td>\n                <\/tr>\n\t\t<tr>\n                    <td colspan=\"3\">Dezember 2025<\/td>\n                <\/tr>\n                <tr>\n                      <\/tr><tr>\n\t\t<td>Montag, 29.12<\/td>\n                    <td>Bastel Nachmittag f\u00fcr Kinder<\/td>\n                    <td>Im Narrenst\u00fcble ab 14 Uhr<\/td>\n        <\/tr>\n        <tr>\n                <\/tr><tr>\n                    <td colspan=\"3\">Januar 2026<\/td>\n                <\/tr>\n                <tr>\n                    <td colspan=\"3\"><\/td>\n                <\/tr>\n        <tr>\n\t\t<td>Dienstag, 06.01<\/td>\n                    <td>Maskenabstauben<\/td>\n                    <td>Im Rathaus<\/td>\n        <\/tr>\n        <tr>\n        <td>Freitag, 09.01<\/td>\n                    <td>Brauchtumsabend Bisingen-Steinhofen<\/td>\n                    <td>Anfahrt privat<\/td>\n        <\/tr>\n         <tr>\n        <td>Samstag, 10.01<\/td>\n                    <td>Hexenball Erlaheim<\/td>\n                    <td>Anfahrt privat<\/td>\n        <\/tr>\n        <tr>\n        <td>Samstag, 17.01<\/td>\n                    <td>Umzug B\u00f6ttingen<\/td>\n                    <td>Noch nicht best\u00e4tigt<\/td>\n        <\/tr>\n        <tr>\n        <td>Freitag, 23.01<\/td>\n                    <td>Ringabend Stra\u00dfberg<\/td>\n                    <td>Anfahrt privat<\/td>\n        <\/tr>\n        <tr>\n        <td>Samstag, 24.01<\/td>\n                    <td>Brauchtumsabend &#038; Kinderringumzug Stra\u00dfberg<\/td>\n                    <td>Bus f\u00fcr den Kinderringumzug gemeinsam mit Erlaheim &#8211; ca 11:30 | Brauchtumsabend private Anfahrt<\/td>\n        <\/tr>\n        <tr>\n        <td>Sonntag, 25.01<\/td>\n                    <td>Ringumzug Stra\u00dfberg<\/td>\n                    <td>Anfahrt mit dem Bus &#8211; 10.40 Uhr Einstieg in Balingen beim Maas, 11.00 Uhr Rathaus Binsdorf und 11.05 Uhr Geislingen<\/td>\n        <\/tr>\n        <tr>\n        <td>Freitag, 30.01<\/td>\n                    <td>Fackelumzug Heiligenzimmern<\/td>\n                    <td>Anfahrt privat<\/td>\n        <\/tr>\n        <tr>\n        <td>Samstag, 31.01<\/td>\n                    <td>Zunftball Frommern<\/td>\n                    <td>Anfahrt privat<\/td>\n        <\/tr>\n                <tr>\n                    <td colspan=\"3\">Februar 2026<\/td>\n                <\/tr>\n                <tr>\n                <\/tr><tr>\n                    <td colspan=\"3\"><\/td>\n                <\/tr>\n        <tr>\n        <td>Sonntag, 01.02<\/td>\n                    <td>Umzug Bechtoldsweiler<\/td>\n                    <td>Anfahrt privat<\/td>\n        <\/tr>\n        <tr>\n        <td>Samstag, 07.02<\/td>\n                    <td>Kinderfasnet Binsdorf<\/td>\n                    \n        <\/tr>\n        <tr>\n        <td>Sonntag, 08.02<\/td>\n                    <td>Umzug Binsdorf<\/td>\n                    \n        <\/tr>\n        <tr>\n        <td>Donnerstag, 12.02<\/td>\n                    <td>Schmotziger<\/td>\n                    \n        <\/tr>\n        <tr>\n        <td>Samstag, 14.02<\/td>\n                    <td>Umzug Heiligenzimmern<\/td>\n                    <td>Anfahrt privat<\/td>\n        <\/tr>\n        <tr>\n        <td>Sonntag, 15.02<\/td>\n                    <td>Umzug Erlaheim<\/td>\n                    <td>Anfahrt privat<\/td>\n        <\/tr>\n        <tr>\n        <td>Montag, 16.02<\/td>\n                    <td>Umzug Gruol<\/td>\n                    <td>Anfahrt privat<\/td>\n        <\/tr>\n        <tr>\n        <td>Dienstag, 17.02<\/td>\n                    <td>Lumpenwagen in Binsdorf<\/td>\n                    \n        <\/tr>\n        <tr>\n        <td>Mittwoch, 18.02<\/td>\n                    <td>Aschermittwoch<\/td>\n                    <td>Gemeinsamer Abschluss im Gasthaus<\/td>\n        <\/tr>\n                <tr>\n                    <td colspan=\"3\">M\u00e4rz 2026<\/td>\n                <\/tr><tr>\n                    <td colspan=\"3\"><\/td>\n                <\/tr>\n\t\t<tr>\n                    <td colspan=\"3\">April 2026<\/td>\n                <\/tr>\n                \n                <tr>\n                    <td colspan=\"3\"><\/td>\n                <\/tr>\n\t\t<tr>\n                    <td colspan=\"3\">Mai 2026<\/td>\n                <\/tr>\n\t\t\n                <tr>\n                    <td colspan=\"3\"><\/td>\n                <\/tr>\n\t\t<tr>\n                    <td colspan=\"3\">Juni 2026<\/td>\n                <\/tr>\n                \n                <tr>\n                    <td colspan=\"3\"><\/td>\n                <\/tr>\n\t\t<tr>\n                    <td colspan=\"3\">Juli 2026<\/td>\n                <\/tr>\n                \n\t\t<tr>\n                    <td colspan=\"3\"><\/td>\n                <\/tr>\n\t\t<tr>\n                    <td colspan=\"3\">August 2026<\/td>\n                <\/tr>\n                <tr>\n\t\t<\/tr><tr>\n                    <td colspan=\"3\"><\/td>\n                <\/tr>\n\t\t<tr>\n                    <td colspan=\"3\">September 2026<\/td>\n                <\/tr>\n                <tr>\n\t\t<\/tr><tr>\n                    <td colspan=\"3\"><\/td>\n                <\/tr>\n\t\t<tr>\n                    <td colspan=\"3\">Oktober 2026<\/td>\n                <\/tr>\n\t\t\n\t\t<tr>\n                    <td colspan=\"3\"><\/td>\n                <\/tr>\n\t\t<tr>\n                    <td colspan=\"3\">November 2026<\/td>\n                <\/tr>\n                <tr>\n\t\t<\/tr><tr>\n                    <td colspan=\"3\"><\/td>\n                <\/tr>\n\t\t<tr>\n                    <td colspan=\"3\">Dezember 2026<\/td>\n                <\/tr>\n                \n            <\/tbody>\n        <\/table>\n<\/body>\n<\/html>\n\n","protected":false},"excerpt":{"rendered":"<p>Narrenfahrplan &#038; Termine \u00c4NDERUNGEN VORBEHALTEN. Alle Angaben ohne Gew\u00e4hr! Datum Veranstaltung Details Dezember 2025 Montag, 29.12 Bastel Nachmittag f\u00fcr Kinder Im Narrenst\u00fcble ab 14 Uhr Januar 2026 Dienstag, 06.01 Maskenabstauben Im Rathaus Freitag, 09.01 Brauchtumsabend Bisingen-Steinhofen Anfahrt privat Samstag, 10.01 Hexenball Erlaheim Anfahrt privat Samstag, 17.01 Umzug B\u00f6ttingen Noch nicht best\u00e4tigt Freitag, 23.01 Ringabend Stra\u00dfberg [&hellip;]<\/p>\n","protected":false},"author":1,"featured_media":0,"parent":0,"menu_order":0,"comment_status":"closed","ping_status":"closed","template":"","meta":{"footnotes":""},"class_list":["post-162","page","type-page","status-publish","hentry"],"_links":{"self":[{"href":"http:\/\/www.narrenzunft-binsdorf.de\/index.php?rest_route=\/wp\/v2\/pages\/162","targetHints":{"allow":["GET"]}}],"collection":[{"href":"http:\/\/www.narrenzunft-binsdorf.de\/index.php?rest_route=\/wp\/v2\/pages"}],"about":[{"href":"http:\/\/www.narrenzunft-binsdorf.de\/index.php?rest_route=\/wp\/v2\/types\/page"}],"author":[{"embeddable":true,"href":"http:\/\/www.narrenzunft-binsdorf.de\/index.php?rest_route=\/wp\/v2\/users\/1"}],"replies":[{"embeddable":true,"href":"http:\/\/www.narrenzunft-binsdorf.de\/index.php?rest_route=%2Fwp%2Fv2%2Fcomments&post=162"}],"version-history":[{"count":176,"href":"http:\/\/www.narrenzunft-binsdorf.de\/index.php?rest_route=\/wp\/v2\/pages\/162\/revisions"}],"predecessor-version":[{"id":1598,"href":"http:\/\/www.narrenzunft-binsdorf.de\/index.php?rest_route=\/wp\/v2\/pages\/162\/revisions\/1598"}],"wp:attachment":[{"href":"http:\/\/www.narrenzunft-binsdorf.de\/index.php?rest_route=%2Fwp%2Fv2%2Fmedia&parent=162"}],"curies":[{"name":"wp","href":"https:\/\/api.w.org\/{rel}","templated":true}]}}